alse
Is 742 a multiple of 53?
True
Does 41 divide 1168?
False
Is 25 a factor of 6355?
False
Does 156 divide 19035?
False
Is 6 a factor of 1512?
True
Does 6 divide 36?
True
Is 21047 a multiple of 25?
False
Is 25228 a multiple of 17?
True
Is 148 a multiple of 44?
False
Does 143 divide 162448?
True
Is 4 a factor of 10239?
False
Does 51 divide 1085?
False
Is 263 a multiple of 5?
False
Is 869 a multiple of 11?
True
Does 33 divide 1253?
False
Does 123 divide 118572?
True
Is 2085 a multiple of 96?
False
Does 13 divide 51247?
False
Is 2860 a multiple of 11?
True
Is 2962 a multiple of 20?
False
Is 31 a factor of 1279?
False
Is 11577 a multiple of 21?
False
Does 26 divide 404?
False
Is 21 a factor of 4792?
False
Does 144 divide 2880?
True
Is 151 a factor of 3775?
True
Does 71 divide 12091?
False
Does 58 divide 11252?
True
Does 60 divide 3960?
True
Does 6 divide 108?
True
Does 8 divide 133?
False
Does 12 divide 1659?
False
Does 16 divide 640?
True
Does 46 divide 2112?
False
Is 16419 a multiple of 70?
False
Is 170 a factor of 50830?
True
Is 5320 a multiple of 95?
True
Is 9885 a multiple of 15?
True
Does 58 divide 95140?
False
Is 31 a factor of 7863?
False
Does 53 divide 10547?
True
Is 23549 a multiple of 6?
False
Is 6 a factor of 5952?
True
Does 3 divide 3176?
False
Is 9 a factor of 60?
False
Is 4446 a multiple of 20?
False
Is 21 a factor of 9287?
False
Is 1559 a multiple of 12?
False
Is 97 a factor of 525?
False
Is 23 a factor of 1142?
False
Is 320 a multiple of 40?
True
Is 31 a factor of 4515?
False
Does 55 divide 385?
True
Does 128 divide 10618?
False
Is 290 a multiple of 10?
True
Does 43 divide 6106?
True
Is 11025 a multiple of 21?
True
Is 1757 a multiple of 19?
False
Does 7 divide 2878?
False
Is 307 a factor of 5833?
True
Is 725 a multiple of 25?
True
Is 9950 a multiple of 40?
False
Does 37 divide 616?
False
Is 768 a multiple of 24?
True
Does 23 divide 9361?
True
Does 15 divide 1620?
True
Is 1048 a multiple of 66?
False
Is 19479 a multiple of 66?
False
Is 16 a factor of 7200?
True
Does 20 divide 460?
True
Is 28 a factor of 20720?
True
Is 43 a factor of 621?
False
Is 8128 a multiple of 62?
False
Is 602 a multiple of 86?
True
Is 87 a factor of 3078?
False
Is 41 a factor of 4960?
False
Is 180 a factor of 5040?
True
Is 21 a factor of 832?
False
Is 900 a multiple of 30?
True
Does 9 divide 22774?
False
Is 44 a factor of 2156?
True
Does 51 divide 21052?
False
Is 3360 a multiple of 28?
True
Is 560 a multiple of 56?
True
Is 26 a factor of 806?
True
Is 141 a factor of 2802?
False
Is 9731 a multiple of 52?
False
Is 29 a factor of 33408?
True
Is 1386 a multiple of 33?
True
Does 103 divide 4017?
True
Does 61 divide 28034?
False
Is 9215 a multiple of 280?
False
Is 14432 a multiple of 9?
False
Is 11 a factor of 1139?
False
Does 9 divide 1927?
False
Is 3872 a multiple of 16?
True
Is 13314 a multiple of 31?
False
Is 15 a factor of 285?
True
Is 2610 a multiple of 50?
False
Does 5 divide 5929?
False
Is 375 a multiple of 15?
True
Is 17075 a multiple of 33?
False
Does 34 divide 4658?
True
Is 8 a factor of 3915?
False
Is 8 a factor of 96?
True
Is 27 a factor of 223?
False
Is 21893 a multiple of 194?
False
Is 524 a multiple of 6?
False
Is 99657 a multiple of 26?
False
Is 26674 a multiple of 246?
False
Does 36 divide 828?
True
Is 4532 a multiple of 44?
True
Is 67 a factor of 3149?
True
Is 40 a factor of 42280?
True
Is 18 a factor of 126?
True
Is 18 a factor of 36?
True
Does 11 divide 3256?
True
Is 80 a factor of 29680?
True
Is 146 a factor of 876?
True
Is 20100 a multiple of 134?
True
Does 3 divide 5832?
True
Does 12 divide 13859?
False
Does 62 divide 310?
True
Does 3 divide 339?
True
Is 99274 a multiple of 98?
True
Does 32 divide 1232?
False
Is 482 a multiple of 31?
False
Is 45 a factor of 3195?
True
Is 30 a factor of 832?
False
Does 13 divide 3731?
True
Is 69 a factor of 69?
True
Is 2859 a multiple of 29?
False
Is 45167 a multiple of 17?
False
Is 2309 a multiple of 57?
False
Is 24815 a multiple of 13?
False
Is 294 a factor of 78403?
False
Does 16 divide 18048?
True
Is 92 a factor of 2944?
True
Is 32 a factor of 384?
True
Does 16 divide 555?
False
Is 70 a multiple of 10?
True
Does 7 divide 4551?
False
Is 29182 a multiple of 11?
False
Is 1584 a multiple of 11?
True
Does 214 divide 41718?
False
Is 11 a factor of 39424?
True
Does 8 divide 684?
False
Is 15 a factor of 900?
True
Is 24288 a multiple of 3?
True
Is 148 a factor of 9324?
True
Does 27 divide 152?
False
Is 17789 a multiple of 38?
False
Is 77 a factor of 3080?
True
Is 455 even?
False
Is 6 a factor of 1482?
True
Does 6 divide 6600?
True
Is 63 even?
False
Does 59 divide 1681?
False
Does 51 divide 17145?
False
Is 25338 a multiple of 49?
False
Is 560 a multiple of 7?
True
Does 115 divide 21058?
False
Is 169 a factor of 8743?
False
Is 937 a multiple of 25?
False
Does 12 divide 35539?
False
Is 176 a multiple of 8?
True
Does 28 divide 2007?
False
Is 61570 a multiple of 160?
False
Is 68 a factor of 786?
False
Is 4 a factor of 308?
True
Does 11 divide 2695?
True
Is 3544 a multiple of 4?
True
Is 4 a factor of 484?
True
Is 705 a multiple of 9?
False
Does 8 divide 30507?
False
Is 100254 a multiple of 77?
True
Does 8 divide 9496?
True
Is 18 a factor of 1126?
False
Does 28 divide 2148?
False
Does 9 divide 2750?
False
Is 20 a factor of 31283?
False
Is 120 a multiple of 8?
True
Does 6 divide 14?
False
Is 12524 a multiple of 124?
True
Is 25 a factor of 10075?
True
Is 2509 a multiple of 13?
True
Does 3 divide 117?
True
Is 6 a factor of 372?
True
Is 102490 a multiple of 88?
False
Is 22 a factor of 1557?
False
Is 21 a factor of 10752?
True
Is 1134 a multiple of 21?
True
Does 15 divide 540?
True
Is 648 a multiple of 54?
True
Is 348 a multiple of 58?
True
Does 3 divide 81?
True
Is 138 a factor of 57408?
True
Is 27 a factor of 16671?
False
Does 62 divide 342?
False
Is 13 a factor of 1339?
True
Is 10 a factor of 2780?
True
Is 5 a factor of 125?
True
Is 364 a multiple of 13?
True
Is 31 a factor of 29915?
True
Is 20740 a multiple of 17?
True
Does 35 divide 5000?
False
Is 3 a factor of 571?
False
Does 14 divide 1384?
False
Is 876 a multiple of 4?
True
Does 11 divide 407?
True
Is 2597 a multiple of 12?
False
Is 13 a factor of 26974?
False
Does 4 divide 17268?
True
Is 1152 a multiple of 18?
True
Does 135 divide 5559?
False
Is 14 a factor of 180?
False
Is 4081 a multiple of 2?
False
Is 12 a factor of 6607?
False
Is 2941 a multiple of 19?
False
Is 21 a factor of 3549?
True
Is 58 a factor of 51910?
True
Does 41 divide 3358?
False
Is 6 a factor of 792?
True
Is 10452 a multiple of 12?
True
Does 15 divide 71?
False
Does 22 divide 814?
True
Is 32 a factor of 82016?
True
Does 12 divide 5256?
True
Is 3066 a multiple of 219?
True
Does 51 divide 25347?
True
Is 693 a multiple of 33?
True
Does 10 divide 280?
True
Does 129 divide 73243?
False
Is 53 a factor of 212?
True
Is 3906 a multiple of 10?
False
Is 3240 a multiple of 31?
False
Does 246 divide 4258?
False
Does 91 divide 2912?
True
Is 2002 a multiple of 13?
True
Does 125 divide 6625?
True
Does 9 divide 1809?
True
Does 147 divide 10968?
False
Is 4348 a multiple of 35?
False
Does 144 divide 1152?
True
Is 21 a factor of 424?
False
Is 831 a multiple of 55?
False
Is 13 even?
False
Is 706 a multiple of 16?
False
Is 13430 a multiple of 158?
True
Does 29 divide 348?
True
Is 7621 a multiple of 9?
False
Is 541 a multiple of 89?
False
Is 5 a factor of 665?
True
Is 19 a factor of 6175?
True
Does 36 divide 6596?
False
Does 219 divide 5002?
False
Does 18 divide 792?
True
Is 36 even?
True
Is 6321 a multiple of 7?
True
Does 17 divide 5715?
False
Does 220 divide 880?
True
Does 14 divide 448?
True
Does 17 divide 760?
False
Is 5 a factor of 70429?
False
Does 54 divide 124?
False
Is 194 even?
True
Does 40 divide 4952?
False
Is 19 a multiple of 19?
True
Does 21 divide 80876?
False
Does 3 divide 635?
False
Does 78 divide 14827?
False
Is 2485 a multiple of 6?
False
Does 10 divide 2636?
False
Is 87 a factor of 870?
True
Does 2 divide 194?
True
Is 764 a multiple of 18?
False
Does 13 divide 1612?
True
Does 4 divide 2768?
True
Is 6426 a multiple of 21?
True
Is 82627 a multiple of 150?
False
Does 5 divide 2210?
True
Is 82 a factor of 30422?
True
Is 31 a factor of 589?
True
Is 16 a factor of 3104?
True
Is 151 a factor of 1671?
Fa